c + 159 = 0, -c = -4*o - 17 - 162. Let y = o - -19. Let u = 28 - y. What are the prime factors of u?
5, 11
Let y(k) = 124*k + 3058. What are the prime factors of y(83)?
2, 3, 5, 89
Suppose 0 = -3*z - 6 + 15. Suppose -k = -4, z*p = 5*k - 7 - 28. What are the prime factors of 76/10*(-4 - 21)/p?
2, 19
Suppose 10*g - 12*g + 25248 = 16*x, -5*g = -x - 62874. List the prime factors of g.
2, 3, 131
Let q be (-5 - -1)/(-2 - -1). Suppose 2*i + 330 = -3*i + 5*p, -3*i - 203 = -q*p. Let r = i + 109. What are the prime factors of r?
2, 3
Suppose -10*g = -14*g - 20, 4*g + 56 = -3*i. List the prime factors of (-2)/i - (-43374)/36.
5, 241
Let t = 3349 + 5082. Let h = -5923 + t. Suppose -2*z = 17*z - h. List the prime factors of z.
2, 3, 11
Let a be 5/(-10)*-8 - -51. Let g be (66/a)/(6/50). Suppose g*v = v + 171. List the prime factors of v.
19
Let m(k) = 523*k + 6901. What are the prime factors of m(38)?
3, 5, 7, 17
Suppose 7*i + 51 = 37. What are the prime factors of (-75 - i)/(((-72)/104)/9)?
13, 73
Let r = -255 - -254. List the prime factors of (-20 + 306)*(0 - (0 + r)).
2, 11, 13
Let m = 166707 + -91868. List the prime factors of m.
67, 1117
Let n(w) = w**2 + 7*w - 5. Let a be n(-8). Let o be (468/(-3))/a + 2. Let f = o - -65. List the prime factors of f.
3, 5
Let y(j) be the third derivative of -2*j**4/3 - 20*j**3/3 + 39*j**2. Let q be y(-7). List the prime factors of q/(-16)*(-176)/6.
2, 3, 11
Suppose 0 = 4*y - a - 7533, -5*a - 7553 = -46*y + 42*y. What are the prime factors of y?
2, 941
Let l(u) = 652*u**2 + 13*u - 14. Let s be l(1). Let c = s - 435. List the prime factors of c.
2, 3
Let a(c) = -c + 27. Let w be a(25). Let d(n) = -50 + n**3 - 13*n**2 + 3*n**w + 33 + 17*n. What are the prime factors of d(11)?
3, 97
Let n(w) = w**3 - 13*w**2 - 37*w + 20. Let d be n(16). Suppose 192*l = d*l - 1840. List the prime factors of l.
2, 5, 23
Let p = 29 + -8. Suppose 4*g + 18 = 3*l - p, -2*l + g = -21. Suppose 0 = -d + l. What are the prime factors of d?
3
Let y be -2 - -4 - (3 - 7)*1. Suppose -3*t = g - 836, 0 = 2*t - y*t - g + 1116. List the prime factors of t.
2, 5, 7
Let m be (-1)/2 + 484/88. Suppose -277 = -2*n - 3*r - 2*r, 0 = 2*n - m*r - 287. List the prime factors of n.
3, 47
Suppose -c + 12 = c. Suppose -13*y + 9*y = 2*z - 22, -2*z - 2 = 0. What are the prime factors of 183 + 1 - (y - c)?
2, 23
Let k(h) = -381*h + 4193. Let l be k(11). Let r(b) = -b**3 - b**2 + 53. Let j be r(0). Suppose -q + l = -j. List the prime factors of q.
5, 11
Let i(d) = -47*d - 4. Suppose 6*a + 36 = -0*a. List the prime factors of i(a).
2, 139
Let u = -166 - -171. Let l(i) = 6*i**2 + 4*i + 12. What are the prime factors of l(u)?
2, 7, 13
Suppose y = -93*q + 89*q + 25194, -5*q - 3*y = -31496. What are the prime factors of q?
2, 47, 67
Suppose 466*p = 459*p + 2037. Suppose -q + 212 = -p. What are the prime factors of q?
503
Let r(k) = -89*k**3 - 2*k**2 + 26*k + 64. List the prime factors of r(-2).
2, 179
Let z(d) = -461*d + 4304. What are the prime factors of z(0)?
2, 269
Let z(c) = -c**2 - 20*c - 20. Let s be z(-15). Let r = s - -17. Let o = 4 + r. What are the prime factors of o?
2, 19
Suppose 0*h - 10125 = -2*h - 13*h. What are the prime factors of h?
3, 5
Let z = 6 - 1. Suppose -3*v + q + 7 = 0, -9*v = -8*v + 5*q - 13. Suppose c - 261 = -z*r, -264 = -5*r - v*c - c. What are the prime factors of r?
2, 13
Let s be (1 - -1)*(-19)/(-114)*9. Let l(z) = -2*z + 6. Let a be l(-5). List the prime factors of ((-48)/a)/(s*(-1)/61).
61
Let a(o) = -9*o - 11. Let v(n) = -n**3 - 4*n**2 + n + 7. Let t be v(-2). Let m be a(t). Suppose m*l + 1254 = 22*l. What are the prime factors of l?
11, 19
Let w(p) = -365*p + 4445. What are the prime factors of w(-49)?
2, 5, 7, 11, 29
Suppose 32*z + 1720 = 37*z. Let d = z + -99. List the prime factors of d.
5, 7
Let c be (4 - -17)*14/(-3). Let v = c - -8. Let h = v + 124. What are the prime factors of h?
2, 17
Let u = 4088 + -842. Suppose -589*k = -595*k + u. List the prime factors of k.
541
Suppose -5*c + 1938 = 3*o - 206, 5*c = -2*o + 2146. What are the prime factors of (102/(-85))/((-3)/(-10)) + c?
2, 3, 71
Let y = 88188 + -46425. What are the prime factors of y?
3, 13921
Let u(h) = 5*h**3 + 2*h**2 + 6*h + 13. Suppose -68 = -23*w + 6*w. What are the prime factors of u(w)?
389
Let f(x) = 2*x**2 + 14*x + 1. Let p be f(-14). Let y = 77 + p. What are the prime factors of y?
2, 137
Suppose -4*m = -4*n - 57751 - 6153, -3*m + 48063 = -30*n. What are the prime factors of m?
15971
Suppose 0 = 12*p - 24 - 0. Suppose p*c - 1514 = 8*u - 10*u, -3*c + 4*u + 2264 = 0. What are the prime factors of c?
2, 3, 7
Let p be ((-36)/30)/((-4)/(-30)). Let l be (-3)/(-8)*4*(-24)/p. Suppose -4*o + 101 - 349 = -l*x, 5*x - 3*o = 314. What are the prime factors of x?
2
List the prime factors of 16/80 + 140220/25.
71, 79
Let g = 32246 + -16002. What are the prime factors of g?
2, 31, 131
Suppose 4*l - 201828 = -4*a, 5*a + 8*l - 330667 = -78403. What are the prime factors of a?
2, 19, 83
Suppose -2*g + 1 = h - 12, -5*h + 29 = g. Suppose 2*p - 710 = 4*m, -3*p + 2*p + h*m = -370. What are the prime factors of p?
3, 5, 23
Suppose 0 = 3*x + 18, 47*v - 3*x + 25617 = 52*v. List the prime factors of v.
3, 1709
Let x(r) = r**2 + 8*r - 6. Let y be x(-9). Suppose 0 = -y*o + 4*j + j + 294, 0 = -3*j. Let u = -25 + o. What are the prime factors of u?
73
Let y(q) = 5*q**3 - 3*q + 2. Let p be y(1). What are the prime factors of p + (-2 - 2) + (-4 - -1354)?
2, 3, 5
List the prime factors of 220196/30 + (-2934)/270 + 11.
2, 5, 367
Let l be (1 - 0)/((-46095)/11525 + 4). Suppose 7*k - 2448 = l. List the prime factors of k.
7, 97
Let j be 3 - ((-5 - -10) + -7). Suppose 0 = j*g + 3*m - 1321, -3*m + 787 = 3*g - 4*m. List the prime factors of g.
263
Let s(o) = 23*o + 1. Let h be s(-4). List the prime factors of h/((3 - 4)/1).
7, 13
Suppose -372*n - 4690 = -398*n + 10910. What are the prime factors of n?
2, 3, 5
Let g = -13529 + 19030. What are the prime factors of g?
5501
Let r = 699 - 679. What are the prime factors of 75/(-5)*-6*r/6?
2, 3, 5
Let m = -474 + 432. List the prime factors of (m/(-63))/((-2)/(-4797)).
3, 13, 41
Let b(r) = 37*r**2 - 2*r + 1. Let o be b(2). Let s be (-2)/(-9) + o/(-45) + 17. What are the prime factors of ((-21)/s)/(6/(-328)*2)?
41
Let o(d) be the second derivative of -53 - 4*d**2 + 10*d**3 + 53 + 14*d. List the prime factors of o(2).
2, 7
Suppose -8*n + 9413 + 23227 = 0. Suppose -2038 = -2*g - 0*g - 2*u, 4*g + 2*u = n. List the prime factors of g.
1021
Let p(c) = 4*c**2 - 2*c - 36. Let h(q) = 2*q**2 - q + 1. Let j(o) = 3*h(o) + p(o). What are the prime factors of j(-7)?
2, 3, 41
Let s(m) = 37*m + 5. Let q be s(3). Let c be (-2 + (-48)/(-15))*(q - -4). Suppose -2*z + c = -80. What are the prime factors of z?
2, 7
Suppose 6*n = 14*n - 48. Suppose 4*o + m = n*o, 0 = -3*o - 5*m + 13. List the prime factors of -70*o/(-3)*3.
2, 5, 7
Let m(q) = 1560*q + 70. List the prime factors of m(5).
2, 5, 787
Let g(d) be the first derivative of -d**2 + 25*d - 19. Let f be g(11). Suppose 2*t - 77 = -f*h + 165, 248 = 3*h - t. What are the prime factors of h?
2, 41
Let z(q) = -q**3 + 21*q**2 + 7*q - 8. Suppose 4*m + 90 = 5*b, 3*b = -19*m + 17*m + 54. List the prime factors of z(b).
2, 5, 109
Let x(a) be the third derivative of 0 + 1/15*a**5 - 4/3*a**3 - 14*a**2 + 0*a + 1/3*a**4. List the prime factors of x(4).
2, 11
Let d(t) = 2*t**3 + 14 - 5*t**2 + 5*t**3 + 0*t**3 - 2*t**3 - 2*t + 4. What are the prime factors of d(3)?
2, 3, 17
Let z(m) = 6*m**2 - 59*m - 1. Let l be z(10). Suppose 3*h = l*h - 4212. List the prime factors of h.
2, 3, 13
Let k be (-9)/(8 - 17) + (-1 - 1). List the prime factors of -2*(-4)/24*(1778 - k).
593
Suppose 0 = 9*j + 5*j - 4*j - 141000. What are the prime factors of j?
2, 3, 5, 47
Let a = -208 - -212. Suppose -391 = -a*x + 625. List the prime factors of x.
2, 127
Let s(c) = c**2 - 2*c + 6. Let k be s(0). Let r(i) = -3*i**2 + 6*i - 2. Let p be r(k). Let u = p - -105. What are the prime factors of u?
31
Suppose -14*r + 6*r + 840 = 0. Suppose w = -4, 3*n - 5*w + 28 = r. Suppose n*q = 17*q + 152. List the prime factors of q.
2, 19
Suppose 0 = -14*h - 250 - 534. Let p = h + 655. List the prime factors of p.
599
Suppose 5 = t, -25*j = -j + t - 1229141. List the prime factors of 